e factors of b?
2, 5
Let t = 42 + 53. List the prime factors of t.
5, 19
Suppose 14 + 0 = 2*p. Suppose 5*u + p = 62. List the prime factors of u.
11
Let u(b) = b + 8. Let n be u(-4). Let t(w) = w + 1 + 2 - n. What are the prime factors of t(11)?
2, 5
Let v = -76 - -182. What are the prime factors of v?
2, 53
What are the prime factors of 1/(195/(-200) + 1)?
2, 5
Let o be (0 + 0 - 1)*-3. Suppose o*n + 0*n = -3*f + 51, -79 = -5*n - 2*f. What are the prime factors of n?
3, 5
Suppose 2*m = 4*w - 28, 1 = 2*m - 2*w + 21. List the prime factors of (-39)/(-6) - 9/m.
2
Let s(c) = -11*c - 17. List the prime factors of s(-5).
2, 19
Let c = 140 - 47. List the prime factors of c.
3, 31
Suppose 3*m - 19 = -2*k - 0*k, -4*k + 5*m = -49. Suppose i = -5*b + 57, 16 + k = 3*b - 3*i. List the prime factors of b.
11
Suppose 2*z - 2*y = -0*z + 22, 2*y = -5*z + 55. List the prime factors of z + 1 + 3/(-3).
11
Let s be -1 + 44 + 3/(-1). Suppose -6*f = -f + s. Let m(c) = -3*c - 2. List the prime factors of m(f).
2, 11
Let b = 5 + -8. What are the prime factors of (130/15)/((-2)/b)?
13
Let d = 6 + 3. List the prime factors of d.
3
Let x = 227 - 142. List the prime factors of x.
5, 17
Suppose -3*v - 9 - 3 = 0, -5 = 5*y + 5*v. Let p = y - 5. Let i(a) = -3*a**3 - a**2 + 2. List the prime factors of i(p).
2, 11
Suppose 0 = -4*l + 6 + 2. Let q(x) = 7*x - 4 - 7 + 10. List the prime factors of q(l).
13
Let d = 80 + -57. List the prime factors of d.
23
Suppose -2514 + 399 = -9*q. What are the prime factors of q?
5, 47
Let l(s) = -2*s - 6. Suppose -3*m - 16 = -7*m. Suppose -n + 0*n = -d + 1, m*d + 38 = -3*n. List the prime factors of l(n).
2, 3
Suppose 2*l + 0*l - 8 = 0, 5*k - 293 = 3*l. List the prime factors of k.
61
Suppose 5*u + 112 - 352 = 0. Suppose 0*i + 3*i = u. What are the prime factors of i?
2
Suppose -8 = 3*q - 23. Suppose 126 = q*y + 26. What are the prime factors of y?
2, 5
Let a(l) = -l**3 + 13*l**2 - 8*l - 24. List the prime factors of a(11).
2, 5, 13
Let m(f) = 41*f**2 - 1. What are the prime factors of m(-1)?
2, 5
Let p be 6 - (1 - (1 - 0)). Let w = p - 2. List the prime factors of w.
2
Let s = -24 + 48. What are the prime factors of s?
2, 3
Suppose g + g - 2*d + 22 = 0, 4*g + 41 = d. List the prime factors of g*6/(-4) + 1.
2
Suppose 4*k = 3*r - 2*r - 6, 4*r - 13 = 5*k. Let p be (-4)/3*3/r. What are the prime factors of (-2 - p) + 1*3?
3
Suppose -2*n = -104 + 14. Let u(r) = -r**2 + 5*r + 3. Let j be u(5). Suppose z = -4*z + j*a + n, -5*z + 50 = -4*a. What are the prime factors of z?
2, 3
Suppose -2*f + 0*f + 4 = -3*c, 0 = -f + 4*c + 2. Let t(w) = w + 8. Let m be t(-5). Suppose q - m*j - 16 = f, j + 1 = 0. List the prime factors of q.
3, 5
Let c(r) be the first derivative of 1 - r + r**2 + 2/3*r**3. List the prime factors of c(-3).
11
Let g(u) = -u - 6 - 1 - 4. Let p be g(-8). Let v(d) = d**3 + 4*d**2 - 2. What are the prime factors of v(p)?
7
List the prime factors of (608/80)/(2/5).
19
Suppose f + 0*f - 6 = 0. Let w = f + -4. Suppose w*y + 3*y = 40. What are the prime factors of y?
2
Suppose 13*j - 92 = 194. List the prime factors of j.
2, 11
Let s(w) = w**2 + 6*w - 2. Let o be s(-5). Let t(f) = 4*f - f + 3*f + f**2 + 2. List the prime factors of t(o).
3
Suppose 42 - 7 = 5*l. Suppose -27 = l*i - 8*i. List the prime factors of i.
3
Let m(n) = -3*n + 2. Let h(b) = b**3 + 4*b**2 + 3*b + 3. Let k be h(-3). Suppose -5*v = -3*s, 2*v + k*s + 19 + 2 = 0. What are the prime factors of m(v)?
11
Let s(d) = -d**2 - 4*d - 1. Suppose -y - 28 = 4*p - 5*y, 3*y - 15 = p. Let v be s(p). Suppose 13 = f - v*o - 0, 2*o = -3*f - 1. List the prime factors of f.
3
Let p(t) = -2*t**3 + 3*t + 3. Let k be p(-2). Suppose 4*z - 3*z - k = 0. What are the prime factors of z?
13
Let o(f) = f**2 + 5*f + 3. Let b be o(-5). Let v = b + 8. List the prime factors of v.
11
Suppose -u - 3 - 21 = -5*f, 2*f = 5*u + 28. Let y(m) = 3*m - 6 + f - m. What are the prime factors of y(2)?
2
Let b(d) be the first derivative of -31*d**2/2 + d - 4. Let h be b(-1). Suppose 0*k = 5*i - 2*k - h, 5 = -5*k. What are the prime factors of i?
2, 3
Let f = 0 + 1. Suppose -r - r = -5*h + 5, r = 2*h - f. List the prime factors of h.
3
Suppose -9 = u + 5. What are the prime factors of (u - -12)*(-25)/2?
5
Let p = 15 + -49. Let f = 47 + p. What are the prime factors of f?
13
Let c be 25/15 - (-2)/6. Let y be 5/10 - (-21)/c. Suppose -3*v + 7 = -y. What are the prime factors of v?
2, 3
Suppose 2*d + 2*v = 324, -4*d - 4*v = -3*d - 153. Suppose -4*c - 5*x = -177, 0*c - d = -5*c + 5*x. List the prime factors of c.
2, 19
Suppose -3*i + 25 = 10. What are the prime factors of i?
5
Suppose -10*z + 11*z - 8 = 0. What are the prime factors of z?
2
Let k = 11 - 7. Suppose -3*s + 4*m = -1, m - 8 = -s + k. What are the prime factors of s?
7
Let x(g) = -g**3 - 11*g**2 + 9*g - 17. What are the prime factors of x(-12)?
19
Let u(k) = k**3 - 7*k**2 - 8. Let b be u(7). Let f(h) = -h**2 - 10*h - 9. What are the prime factors of f(b)?
7
Let o(v) be the second derivative of v**5/20 + 2*v**4/3 + 3*v**2 + v. What are the prime factors of o(-8)?
2, 3
Suppose -5*d + 150 + 563 = -2*b, -3*d + 4*b = -425. What are the prime factors of d?
11, 13
Suppose 0 = -4*r - 28 + 132. List the prime factors of r.
2, 13
List the prime factors of 15/5 - 50*-2.
103
Suppose -2*l = -3*q - 10, q + 4*l + 26 = -l. Let g(j) = -j**3 - 7*j**2 - 4*j - 3. Let m be g(q). What are the prime factors of m/(-4) + (-5)/(-20)?
2
List the prime factors of 4 - (4 - 83 - -4).
79
Suppose 4*i = 4*d + 68, 40 = -i + 3*i - 4*d. What are the prime factors of i?
2, 7
Let i be (2/(-2))/(-4 - -3). Let b be 32/(-5)*(-4 - i). Let v = b + -21. What are the prime factors of v?
11
Suppose 5*z + 2*q = 20, -q = 5*z + 3*q - 30. Suppose -2 - 2 = -z*w. What are the prime factors of w?
2
Let p = 154 + 235. What are the prime factors of p?
389
Let q(s) = s**2 + 3*s - 2. Let i be q(-6). Let b be -1 - (-2 + 1)*-1. List the prime factors of (3/b)/((-2)/i).
2, 3
Suppose y = -4*y. Suppose -k = 3*f + 12, y*k - 2 = -k + 4*f. List the prime factors of ((-3)/2)/(k/56).
2, 7
Let k(m) = -m**2 + 4*m + 5. Let t be k(4). Suppose 2*x + 93 = t*x. What are the prime factors of x?
31
List the prime factors of (5/2)/(10/24).
2, 3
Let x(s) = -s**3 - s**2 + s + 11. Let g be x(0). Let w = g + -21. What are the prime factors of (-25)/w*(1 + 3)?
2, 5
Let m be (-2 + 2)/(2 + 0). What are the prime factors of (m - -9) + 0 + 0?
3
Let f = -119 + 240. List the prime factors of f.
11
Suppose 4*b = 20 - 0. Let f be 4/(32/6)*-4. Let a = f + b. List the prime factors of a.
2
List the prime factors of (31 + -2 - 0)*1/1.
29
Let z(l) = l**3 - 4*l**2 + 2*l. Let r be z(3). Let y(w) = -w. Let s be y(r). Suppose -12 = -s*m + 3*c, -2*m + 9 = -0*m - 3*c. What are the prime factors of m?
3
Let d be (-2)/11 + 7930/55. Suppose 5*f = f + d. List the prime factors of f.
2, 3
Let s be (6/4)/(9/24). Suppose 2*z - 12 = -s*x, 0 = -5*z - 2*x + 3*x + 19. Suppose z*i - 66 = -3*u + 4*u, 0 = -5*i + u + 83. What are the prime factors of i?
17
Let h = -114 + 86. Let c(o) = -o - 8. Let u be c(6). Let w = u - h. What are the prime factors of w?
2, 7
Let o = 165 + -50. List the prime factors of o.
5, 23
What are the prime factors of (-4)/96*-4 - (-1041)/18?
2, 29
Suppose 3*p = 15 + 57. List the prime factors of p.
2, 3
Let l = -1 + 5. Let u(b) = -3*b + l - 5*b**2 + b**3 + 11*b**2 - 4*b. What are the prime factors of u(-7)?
2
Suppose -4*a + 22*a = 162. What are the prime factors of a?
3
Let i = -23 - -8. Let x be 123/5 + (-6)/i. Suppose -8*o + 4*o + x = -f, o + 3*f - 3 = 0. List the prime factors of o.
2, 3
Let r = 1 + -1. Suppose 0 = -4*a - 7*a + 33. Suppose r = -a*w - w + 88. List the prime factors of w.
2, 11
Suppose -2*g + 0*g + 8 = 0. Suppose -23 = -g*z + 25. What are the prime factors of z?
2, 3
Let g(d) = -14*d - 3 + 2 + 5*d. List the prime factors of g(-1).
2
What are the prime factors of (-2)/10 - 1124/(-20)?
2, 7
Let r = -11 + 6. Let m(u) = u**3 + 5*u**2 - u + 7. List the prime factors of m(r).
2, 3
Let k(h) = 36*h - 1. What are the prime factors of k(1)?
5, 7
Let r = -100 + 200. Suppose b - r - 100 = 0. List the prime factors of b/15 - (-1)/(-3).
13
Suppose 4*d - 13 = 3. List the prime factors of 22/4 - d/(-8).
2, 3
Let m(l) = -l**2 + 6*l + 4. Let a be 